he prime factors of i?
5
Let u(p) = -8*p - 4. Let f(x) = -x**3 + 6*x**2 + 8*x - 10. Let j be f(7). What are the prime factors of u(j)?
2, 5
Suppose 0 = -4*m - 3*y + 30, -2*m - 20 = -4*m + y. Suppose -m = p - 2*p. What are the prime factors of p?
3
Let j = -32 + 67. What are the prime factors of j?
5, 7
Let z be (15/15)/(2/(-142)). Suppose -2*d + 5*d + 153 = 0. Let h = d - z. List the prime factors of h.
2, 5
Suppose 2*u = -3*u + 130. List the prime factors of u.
2, 13
Let h = -322 + 664. List the prime factors of h.
2, 3, 19
Suppose 0 = -o - 0*o - 54. Let l be 12/9*o/4. List the prime factors of (-4)/l + 172/36.
5
Suppose -2*u + 4*u - 2 = z, 5*z - 6 = 2*u. Suppose -z*o - 2 = -0. What are the prime factors of o - (-18)/(-4)*-2?
2
Let t be (-692)/(-36) + (-2)/9. Let f = 1 + t. Let n = 30 - f. What are the prime factors of n?
2, 5
Suppose b = -4 + 6. Suppose 5*h = -5*w + 2*h + 21, 3*w - 13 = -b*h. What are the prime factors of w?
3
Let b = 26 - -88. What are the prime factors of b?
2, 3, 19
Let j(a) = 5*a**2 + 2*a + 1. Let g be j(-1). Let t = g - 2. Let i(z) = z**2 + 2*z - 2. What are the prime factors of i(t)?
2, 3
Suppose 0*q - 12 = 4*q. Let v(s) = -3*s - 2. Let h(f) = 2*f + 1. Let m(r) = -5*h(r) - 3*v(r). List the prime factors of m(q).
2
Let x(w) = 17*w. Let n be x(1). Suppose 19 + n = 2*u. What are the prime factors of u?
2, 3
Suppose -b = 3*i - 5*b + 52, i + 28 = -4*b. Let t(g) = -g**2 - 6*g - 6. Let x be t(-4). List the prime factors of (i/x)/(2/(-1)).
5
Let d = 3 - 4. Let j(o) = -3*o**2 + 1. Let q be j(d). List the prime factors of (q + 5)/((-1)/(-2)).
2, 3
Suppose 0*c - 4*c - 20 = 0. Let h(n) = n**2 + 4*n - 1. Let o be h(c). Suppose -2*l - 14 = -2*k, -o*k - 7 = 4*l - l. What are the prime factors of k?
2
Suppose -j + 22 = 4. List the prime factors of j.
2, 3
Suppose 6*a = 5*a + 273. List the prime factors of a.
3, 7, 13
Let q(y) = 12*y - 13. List the prime factors of q(3).
23
Suppose -5*p + 91 + 14 = 0. Let f be (p/(-12))/((-1)/8). Suppose 5*l - f = 26. List the prime factors of l.
2
Let u(y) = y**3 - 2*y**2 - 4*y + 4. Let b be u(5). Let g = b - 2. Suppose -g = i - 4*i. List the prime factors of i.
19
Let c be (-4 + (-32)/(-12))*-3. Suppose c*y - 30 = -y. What are the prime factors of y?
2, 3
Let r(w) = 4*w - 7. Let d(v) = -2*v + 4. Let y(x) = 11*d(x) + 6*r(x). Let t(p) = 3*p + 1. Let c(f) = 3*t(f) - 2*y(f). List the prime factors of c(4).
19
Suppose 4*c = -12 + 36. Suppose o = -o + c. What are the prime factors of -17*(-4 + 0 + o)?
17
Let l(m) = m**3 - m**2 - m + 1. Let s(w) = 3*w**3 + 15*w**2 + w + 17. Let j(r) = 2*l(r) - s(r). What are the prime factors of j(-17)?
2, 3
Suppose -4*d + 4 = -4. List the prime factors of (d/3)/((-2)/(-24)).
2
Let c(i) = -i. Let p be (-3 - -4)*1*-6. What are the prime factors of c(p)?
2, 3
What are the prime factors of (10/(-25) + 38/(-5))/(-1)?
2
Suppose -2*i + 43 = -11. Let d = i + -16. List the prime factors of d.
11
Let q be -5*(1 + -3 + 3). Let x = q + 7. Suppose 1 = a - 5*i - 24, -x*a - 2*i = -14. List the prime factors of a.
2, 5
Let b(m) = 2*m**2 + 3*m - 4. List the prime factors of b(-4).
2
Suppose 5*d + 1097 = 3*s, 3*s - 5*d = -d + 1102. What are the prime factors of s?
2, 11, 17
Let g = 8 + -4. Suppose g*d - 3*d = 3. Suppose d + 6 = 3*b. List the prime factors of b.
3
Let x(f) = f**2 - 3*f + 1. Let u be x(2). List the prime factors of (u - 0)/1 + 7.
2, 3
Let w(h) = -h**2 - h - 2. Let v(t) = 2*t**2 - 3*t**2 + 2 + 2*t**2. Let k(n) = -2*v(n) - 3*w(n). What are the prime factors of k(-4)?
2, 3
Suppose -3*c = 14 - 2. What are the prime factors of 552/20 + c/(-10)?
2, 7
Suppose -3*o - 5*c + 345 = 65, 2*c - 492 = -5*o. List the prime factors of o.
2, 5
Suppose -2*l = y - 71, 2*y - l - 105 = 22. List the prime factors of y.
5, 13
Let q = 16 - -2. What are the prime factors of q?
2, 3
Let l be (-52)/(-3) + (-2)/6. Let f = l - 10. Let s(u) = -u**2 + 7*u + 10. List the prime factors of s(f).
2, 5
Suppose 4*f = -2*n + 176, 4*n - 404 = -f + 6*f. List the prime factors of n.
2, 3
Let t(k) = -3*k - 6. Let y be t(-4). Suppose 3*q - 4*c - 6 = 0, -5*q - 2*c + 4 = -y. Let u = 4 + q. List the prime factors of u.
2, 3
Let g be (3/(-9))/((-2)/30). Suppose 4*t = a - 2*a + 11, -g*a - 5 = 5*t. Suppose 0 = -t*b + 4*o + 16, 2*b - 4*o - 2 = 10. What are the prime factors of b?
2
Let n(b) = 2*b**2 + 4*b - 7. List the prime factors of n(5).
3, 7
Suppose -p = 2*v - 23, 4*v - 25 - 24 = -5*p. Suppose -2*f = -0*f - 60. Suppose -3*q - 2*n = q - f, -q = 4*n - v. What are the prime factors of q?
7
Suppose -3*d + 6 = -9. Suppose -4*q - j = 5, d*j - 11 = 2*q - 4*q. Let p(m) = -6*m. List the prime factors of p(q).
2, 3
Let x = 51 - -11. What are the prime factors of x?
2, 31
Let s be 2/(-3*(-3)/9). Suppose s*z - d = 26, 0*d + 22 = 2*z + d. List the prime factors of z.
2, 3
Let f(r) = -2*r**3 - 4*r**2 + r + 1. Let l be (4 - 5)/(3/9). What are the prime factors of f(l)?
2
Suppose 13*t - 2469 = -207. What are the prime factors of t?
2, 3, 29
Suppose -24 - 24 = 4*f. Let j = 13 - f. What are the prime factors of j?
5
Let n(z) = -z. Let b(r) = 4*r - 1. Let s(c) = 2*b(c) + 7*n(c). List the prime factors of s(9).
7
Suppose 102 = 7*w - w. List the prime factors of w.
17
Let v = 2 - 52. Let t be 10/4*40/v. Let f(z) = -4*z**3 - 3*z**2 - z - 1. What are the prime factors of f(t)?
3, 7
Suppose 2 = 4*l - 10. Suppose l*m + 11 = 2*s, m - 6 = -5*s + 13. Suppose -3*c + 20 = 4*k, -s*k = -3*k + 2*c. What are the prime factors of k?
2
Suppose -3*q = -2*q + 38. Let d = q + 64. What are the prime factors of d?
2, 13
Let s(g) = g**2 - 2*g - 2. What are the prime factors of s(4)?
2, 3
Suppose 0 = -2*p - 3*a - 23, -a + 15 = 4*p - 9*p. Let k be 6/9*(-78)/p. Suppose -4*l = 4*s - 64, -k = -2*s - 4*l + 21. What are the prime factors of s?
3, 5
List the prime factors of 48/20*(-70)/(-3).
2, 7
Suppose -2*p - 74 = -306. What are the prime factors of p?
2, 29
Suppose -2*v + 4*v = 4. Let l = 2 - v. Let u(w) = -w**2 + w + 9. List the prime factors of u(l).
3
Suppose -40 = -2*n + 26. List the prime factors of n.
3, 11
Let a(l) = 6*l**2 - 2*l - 9. What are the prime factors of a(4)?
79
Let j be (-2)/4*(4 + -4). Suppose j = -0*o - o + 8. List the prime factors of o.
2
Suppose -3*z + 5*z = m + 339, -4*z - 2*m = -682. Suppose -5*j + 0*j + z = 0. List the prime factors of j.
2, 17
List the prime factors of (-963)/(-15) - (-8)/10.
5, 13
Let s = 25 + 3. List the prime factors of s.
2, 7
Suppose -3*b + 9 = -b + 3*v, 3*b + 5*v = 15. Let y be 4 - 6 - (-1 + b). List the prime factors of ((-1)/2)/(y/12).
2, 3
Suppose b - 5*b = -560. List the prime factors of b.
2, 5, 7
Let x be -1 - (-18 + (1 - 0)). Suppose 0 = 2*l - 4*j - 8, -l = 3*l - 5*j - x. List the prime factors of l.
2
Suppose 3*y + 2 = -16. Let k = y - -14. Let g = 13 - k. List the prime factors of g.
5
Suppose -180 = 8*q - 11*q. List the prime factors of q.
2, 3, 5
What are the prime factors of 1*118 - (4 - (0 + 5))?
7, 17
Let a be 1/((-2)/(-42)) + -1. Let n = 8 + -15. Let g = n + a. List the prime factors of g.
13
Let l be 3/(-2)*4/(-3). What are the prime factors of l + 50/((-4)/(-2))?
3
Let r be 1 - -3 - (-2 + 2). Let u(t) = -t**3 + 9*t**2 + 13*t - 18. Let w be u(10). Suppose 3*d + w = 0, -5*j + 105 = -d - r*d. List the prime factors of j.
17
Let w(v) = -v**3 - v. Let b(z) = 39*z**3 + z**2 + 3*z + 1. Let c(r) = b(r) + 4*w(r). Let f be c(1). Suppose 0*x = 4*x - f. What are the prime factors of x?
3
List the prime factors of 10/35 + 355/7.
3, 17
Suppose -3*a - 4*m = -12, -5*m + 8 + 7 = 0. Suppose -z + 13 + 4 = a. What are the prime factors of z?
17
Suppose 23*u = 15*u + 2024. List the prime factors of u.
11, 23
Let b(o) = -o - 6. Let m be b(-6). Suppose -4*a + g = -m*g, 21 = -a - 5*g. What are the prime factors of (7 - a)*(6 - 4)?
2
Suppose -2*k - 40 = 2*k. Let u be 32 - 5/(k/(-4)). Suppose u = -0*q + 3*q. List the prime factors of q.
2, 5
Suppose -p - 4 = 0, -5*q + 0*q = -p + 96. List the prime factors of (168/(-20))/(6/q).
2, 7
Suppose 0*r + 2*r - 18 = -4*s, 2*s = -2*r + 14. Suppose 22 - 138 = -r*y + 2*w, -4*w + 10 = y. List the prime factors of y.
2, 11
Suppose -3*k - k + 2*d + 14 = 0, -4*k - 5*d - 7 = 0. List the prime factors of (k - -25) + 3 + -4.
2, 13
Suppose 25 = -5*y, 0*q + 5*q - 3*y = 95. Let i = 38 - q. Li